of p and k.
5
Suppose 2*f = -4*j + 4, 2*f + j - 16 = 3*j. Suppose 2 = 3*x - 1. Let n be ((-10)/(-20))/(x/f). What is the greatest common divisor of n and 12?
3
Let y = -1356 - -1476. Let q(c) = c**3 + 5*c**2 - c + 5. Let j be q(-5). Calculate the highest common factor of y and j.
10
Let r = -142 - -65. Let w = r + 83. What is the greatest common divisor of w and 6?
6
Suppose -4*d + c - 6*c + 11 = 0, -4*c - 20 = 0. Let o = 15 - d. Suppose -405 = -3*h + k - o*k, -3*k = 0. What is the greatest common divisor of h and 15?
15
Let l = -5 + 68. Suppose -p + 195 = 4*p + 3*m, -220 = -5*p + 2*m. What is the greatest common divisor of p and l?
21
Let l be -13 + 10 + 8 + (1 - -2). What is the greatest common factor of 1792 and l?
8
Let z be (168/(-6))/(-3 - -1). Let r be 1/4 - 7/(-4). Suppose 2*w - 112 = -r*w. Calculate the greatest common divisor of z and w.
14
Suppose 2*d = -2*d - 2*b + 22, 0 = -d + 4*b - 17. Suppose 0 = 2*u + d*u - 45. Let o be (-29)/(-3) - (-10)/(-15). Calculate the highest common factor of o and u.
9
Let l = 83 + -55. Suppose p + 8*f = 4*f + l, -4*p - 4*f + 88 = 0. Calculate the highest common divisor of p and 220.
20
Let r(t) = -t**2 + 8*t + 9. Let g be r(9). Let p be 1 - (0 + (-1 - g)). Suppose -20 = -p*f + 4. Calculate the greatest common factor of f and 12.
12
Suppose 0 = 2*r + 8, -2*h + 12 = -r - 20. Let o be 2/9 + (-12)/54. Suppose c - 3*q = 117, -2*c - q + 255 = -o*c. What is the highest common factor of h and c?
14
Let u = 2747 - 2729. Let s be -16*(-1)/(-2)*-9. What is the greatest common factor of s and u?
18
Let p = -296 + 366. Calculate the greatest common factor of p and 14.
14
Suppose 4*c - 3*o = 2*c + 15, -47 = -5*c - 2*o. What is the highest common factor of c and 1?
1
Suppose -2*v = -33 - 27. Let j = -11 + v. What is the highest common divisor of 38 and j?
19
Let m(n) = -n**3 - 10*n**2 - 2*n - 6. Let x be m(-10). Let f be x/(-10)*1*(-9 - -4). What is the highest common factor of f and 56?
7
Let w(s) = s**3 + 17*s**2 + 15*s - 11. Let l be w(-16). Let v be 3/(l*((-1)/(-5) - 0)). Calculate the highest common factor of 4 and v.
1
Let h(i) be the third derivative of -i**6/120 - i**5/15 + i**4/24 - i**3/2 + 6*i**2. Let f be h(-5). What is the highest common factor of 17 and f?
17
Suppose 6*q + 28 = 184. Let x(r) = -r**2 - 6*r - 2. Let s be x(-5). Suppose s*w - w = 26. Calculate the highest common divisor of q and w.
13
Suppose -910 - 154 = -19*d. What is the highest common divisor of 7 and d?
7
Let p(a) = 4*a + 19. Let r be p(8). Calculate the highest common factor of 3 and r.
3
Suppose -4*u + 38 = -142. Let b = u - 29. What is the greatest common divisor of 4 and b?
4
Let y = 1052 - 972. Let k be 258/8 - 6/24. What is the highest common divisor of y and k?
16
Suppose -w + 63 = 5*b, 0 = 5*b + w + 3*w - 72. Suppose m = -4*k - 54, 2*m + 16 + 1 = -k. Let o be 4/26 - 1714/k. What is the greatest common divisor of b and o?
12
Let z(j) = j**3 + 19*j**2 + 18*j + 56. Let i be z(-12). Calculate the greatest common divisor of i and 106.
106
Let g(h) = -77*h - 1400. Let d be g(-20). What is the greatest common divisor of 640 and d?
20
Let j = 78 + -73. What is the highest common factor of 4 and j?
1
Suppose 19*x - 6229 = 5475. Let v be ((-270)/35)/((-12)/x). What is the greatest common divisor of v and 36?
36
Let s be 65 + 1/3*0/5. Calculate the greatest common divisor of 637 and s.
13
Suppose 22 + 8 = 2*l. Let p = 18 - l. Suppose 132 = n - 0*b + p*b, 0 = -5*b + 25. Calculate the highest common divisor of 13 and n.
13
Let s = -22 - -25. Let r be 46/3 + 2/s. Suppose -r = -p - 4. Calculate the greatest common divisor of 12 and p.
12
Let v(w) = -w**2 - 19*w - 4. Let t be v(-15). Suppose 0 = -5*m - j + 70, 5*m - m - 3*j - t = 0. Calculate the greatest common divisor of m and 98.
14
Let a be 3/(-36) - 40121/(-636). What is the greatest common divisor of a and 49?
7
Suppose -13*o = -9*o - 612. Calculate the greatest common divisor of 9 and o.
9
Let b(w) = 2*w - 2. Let r be b(6). Let h(s) = -10*s**2 - s**3 + 2*s**3 + 49 - 38. Let l be h(r). What is the highest common divisor of 11 and l?
11
Let z be 477/6*(-2)/(-3). Suppose -3*q - 2*q + 61 = 3*r, -r = -5*q + z. Let s be (-3146)/39*(-6)/4. Calculate the highest common divisor of q and s.
11
Suppose s + 13*s - 182 = 0. Suppose -l - 1 = -s. Suppose -5*f = -22 - 8. What is the greatest common divisor of f and l?
6
Let o(k) = 61*k + 616. Let z be o(-10). Calculate the highest common divisor of 48 and z.
6
Suppose 2*a = 3*o + 26, 54 = -4*o - 3*a - 9. Let i be 10/(1*(-4)/o). What is the greatest common divisor of 120 and i?
30
Let j be (-2)/(-3) - ((-240)/9)/8. What is the highest common factor of j and 200?
4
Suppose -3*a - 24 = -3*g, 5*g + 0*g - 72 = -3*a. Calculate the greatest common divisor of 8 and g.
4
Let x(y) = y**2 - 4*y + 5. Let q be x(6). What is the greatest common factor of q and 4?
1
Let m = 14 - 122. Let f = -63 - m. What is the highest common divisor of 30 and f?
15
Suppose 2*d - 78 = -4*t, 2*d + 0*t + t = 66. Let a(h) = h**2 - 2*h + 24. Let l be a(-15). Calculate the highest common factor of l and d.
31
Suppose 4*d - 9 = -v - 3, -4*v = 4*d. Let p be (1 - 0)*(d - -119). Let h = 184 - p. What is the highest common divisor of 42 and h?
21
Suppose 36*v - 925 = -v. Calculate the greatest common divisor of 185 and v.
5
Suppose 147 = 3*b + b - 3*g, -g + 160 = 5*b. Suppose -d = -2*q + b, 2*d = -2*q - q + 39. What is the highest common divisor of q and 6?
3
Suppose 3*f = 8*f + 5*s + 205, s = -2*f - 79. Let h = f - -116. What is the greatest common factor of 52 and h?
26
Let a be (-6 - -3 - -1)*95/(-2). Let p(t) = t**2 - t + 19. Let f be p(0). Calculate the greatest common divisor of f and a.
19
Suppose 748 - 916 = -14*c. Suppose 3*j + 3*b = 192, -j = -4*b - 18 - 26. What is the highest common divisor of c and j?
12
Let z = 927 + -577. Calculate the greatest common factor of z and 14.
14
Let b be ((-171)/95)/(2/(-100)). Calculate the highest common divisor of 150 and b.
30
Let y = 0 - 3. Let x be y/(-12) - 2/8. Suppose x = -2*n - 3*n + 10. What is the greatest common factor of 8 and n?
2
Suppose 0 = 9*k - 8*k + 4*z - 5, 0 = -3*k - 5*z + 43. What is the highest common divisor of 15 and k?
3
Let p = 23 - 16. Let z(m) = 2*m**2 + 3. Suppose 0 = 20*v - 19*v + 4. Let c be z(v). What is the greatest common factor of c and p?
7
Let y = 115 - 55. What is the greatest common factor of y and 24?
12
Suppose 41 - 35 = a - u, 4*a - 3*u = 28. What is the highest common factor of a and 505?
5
Suppose -2*f - 7 = -x + 3*f, f - 7 = -4*x. Suppose -3*b = -2*u + 4, 0 = x*u - 0*u - 10. Let l be b/3*(-7 + 106). What is the greatest common factor of 6 and l?
6
Let k be ((-14)/3 - -7)/(1/12). What is the highest common factor of 21 and k?
7
Let k be 6/1 - (-9 - -2 - -8). Suppose -4*m + k*m - 88 = 0. Calculate the greatest common divisor of m and 11.
11
Let b(u) = u**2 - 2*u - 11. Let h(x) = -3*x**2 + 7*x + 32. Let r(g) = 7*b(g) + 2*h(g). Let f be r(-7). What is the greatest common divisor of 9 and f?
9
Let r = 30 + -21. Suppose -y - w + r = w, -6 = -y + w. Let b = -6 + y. What is the greatest common factor of 3 and b?
1
Let b be (-245)/(-105)*108/42. What is the highest common factor of b and 870?
6
Suppose -u - u + 13 = 3*v, 4*v - 3*u = 40. Suppose 0 = 6*p - 90. Let z = v + p. What is the highest common factor of z and 22?
22
Let p(w) = w**2 + 5. Let g be p(0). Suppose 0 = -g*v - 3*a + 42, -3 = -2*v + 2*a + 1. Let h be 4/(-6) - (-11)/3. Calculate the highest common factor of h and v.
3
Let v(i) = i**3 - 6*i**2 - 5*i + 2. Let y be v(7). Suppose -2*g + 47 + 7 = 2*s, -5*g = -5*s - 105. What is the highest common divisor of g and y?
8
Let k(u) = -8 - 4*u + 8 + 8*u**2. Let l = -13 - -16. Let t be k(l). Calculate the greatest common factor of t and 30.
30
Let q = 43 + -37. Let t be (6/2)/(36/48). Suppose -4*u + t = -44. What is the highest common factor of u and q?
6
Let c(n) = -2*n**3 + 2*n**2 - 3*n + 5. Let x be c(2). Let f be (-6)/(-2) + x + 14. Calculate the highest common divisor of f and 32.
8
Suppose -3*z + 4*z = 81. Let s = z + 9. Calculate the greatest common divisor of 10 and s.
10
Let d(p) = -2*p**3 - 2*p**2 - 2*p - 2. Let u be d(-2). Let h(i) = i**2 + 6*i + 2*i - u*i - 3. Let n be h(-3). What is the hig